)/((156/(-66))/(-13)) is divided by 55?
11
Suppose 5*p - 16 - 4 = 0. Suppose -3*n - 8 = -2, -4*n + 68 = p*c. Let j = 9 - 4. What is the remainder when c is divided by j?
4
Suppose x = -4*z - 4*x + 20, -5*z + 25 = 5*x. Calculate the remainder when 217 is divided by z.
2
Suppose -n + 85 = j, 0 = 5*n + 5*j - 3*j - 428. Suppose -3*u + 4*q - 14 = -68, u = -4*q + 34. What is the remainder when n is divided by u?
20
Let i = 60 - 60. Suppose -4*d + 38 + 2 = i. What is the remainder when 97 is divided by d?
7
Let k = -22 - -19. Let o be -2*(-4 + 1)/k. Let d(v) = 17*v**2 + 3*v + 5. What is the remainder when d(o) is divided by 18?
13
Let v(b) = b**3 - 5*b**2 + 3*b + 1. Calculate the remainder when 62 is divided by v(5).
14
Let a be 36/(-12)*4/(-3). Suppose t - 83 = -a*h, -71 = -4*h - 0*t + 3*t. What is the remainder when 119 is divided by h?
19
What is the remainder when (5 - (-4)/(64/872))*4 is divided by 61?
55
Let o = 97 - -42. Suppose -o = -2*m - 21. Suppose 3*i - 4*f = 68, 0*f = 4*f + 8. Calculate the remainder when m is divided by i.
19
Suppose 0*b = b - 15. Let z = 6 - 2. Suppose u + 0*v = z*v + 37, v = 2*u - 109. Calculate the remainder when u is divided by b.
12
Suppose 5*l = 2*l - 5*f - 14, 2*l + 3*f = -8. Let z = 28 + -27. What is the remainder when l is divided by z?
0
Suppose -2*v + 35 = -t, -2*t + 28 + 22 = 4*v. What is the remainder when 191 is divided by v?
11
Suppose 7*v = 11*v. Suppose v = 2*h + h + 51. Calculate the remainder when 68 is divided by (3 - h)/(-3 + 5).
8
Suppose 4*x = 2*f + x - 12, 3*f + x - 7 = 0. Let y(d) = d**2 - d - 1. Let b be ((-4)/(-6) - 1)*3. What is the remainder when f is divided by y(b)?
0
Suppose 0 = -29*o + 2196 + 1313. What is the remainder when o is divided by 16?
9
Let a(v) = -v + 16. Let n = 25 - 12. Let d(l) = l**3 + 4*l**2 - 11*l + 8. Calculate the remainder when a(n) is divided by d(-6).
1
Let l = 136 + -387. Let u be 3/(-12) - (-30)/(-8). What is the remainder when l/u - 30/40 is divided by 21?
20
Let w be 0/3*2/(-4). Suppose w = -13*r + 584 + 1. Let y = 30 + -7. Calculate the remainder when r is divided by y.
22
What is the remainder when (-342)/(8 + (-7 - 3)) is divided by 20?
11
Let z be ((-15)/6)/((-4)/8). Suppose -l = -k - 3*l + 19, -5*l = z. What is the remainder when k is divided by 8?
5
Let m be 16/(-12) - (-184)/3. Suppose -5*t + 105 = 3*n, 2*n - 3 = -3*t + m. Calculate the remainder when 81 is divided by t.
18
Suppose -49*n + 294 = -35*n. What is the remainder when 37 is divided by n?
16
Suppose -55 = -q + 46. Suppose -4 = -2*a + 3*g, a + 5*g = 2 - 26. What is the remainder when q is divided by (-42 - (a + 1))*2/(-6)?
10
Let b(d) = 4*d**2 + 26*d + 11. Let g be b(-6). What is the remainder when 57 is divided by ((-32)/6)/g - 22/(-33)?
3
Suppose -5*s + w = -49 - 49, 2*w + 76 = 4*s. What is the remainder when 211 is divided by s?
11
Calculate the remainder when 56 is divided by 1/2*266/(-7)*-1.
18
Let n(i) = -i**2 - 12*i + 235. What is the remainder when 299 is divided by n(10)?
14
Suppose 3*d = 116 + 58. Let r = 25 + -23. Suppose -r*h + v = -34, -20 = 4*h + 4*v - 64. What is the remainder when d is divided by h?
13
Suppose 2*s - 5*b = -s + 56, -5*s + 100 = -5*b. Suppose -2*v = 3*v - 30. Suppose -v*i + 24 = -2*i. Calculate the remainder when s is divided by i.
4
Let d = 19 + -12. Calculate the remainder when d is divided by (-4 - -3)*-1*12/4.
1
Calculate the remainder when 245 is divided by (104/(-16) - -7)/((-2)/(-200)).
45
Let k = -18 - -17. Let s = 0 + 9. What is the remainder when (-1)/k - (7 + -32) is divided by s?
8
Suppose 2 = 3*f + 5. Let g = f + 5. Let n(s) = 6*s + 135. What is the remainder when g is divided by n(-22)?
1
Suppose 4*b + 4 = 80. Suppose -1152 = -137*f + 105*f. What is the remainder when f is divided by b?
17
Let r(m) be the first derivative of m**3 - 13*m**2/2 + 3*m - 8. Calculate the remainder when 86 is divided by r(5).
8
Calculate the remainder when -3 + -3 + 2 + 43 is divided by 21.
18
Suppose -26 = -i + h, 43 - 9 = i - 3*h. Suppose -3*b = 2*q - 98, i = 4*b + 6. What is the remainder when q is divided by 15?
13
Suppose d - 4*x = 39, d + 3*x - 7 = -x. What is the remainder when 173 is divided by d?
12
Let x(q) = q**3 - 4*q**2 - 18. Suppose 0 = 32*s - 34*s + 10. What is the remainder when x(s) is divided by 3?
1
Suppose 135*v - 203 = 134*v. Calculate the remainder when v is divided by 43.
31
Let j(q) = -q. Let f be j(-5). Suppose 7*h - f = 30. Suppose 96 - 21 = h*b. Calculate the remainder when 44 is divided by b.
14
Suppose 5*y - 112 = 38. Suppose r + 10 = y. Calculate the remainder when 96 is divided by r.
16
Let t(r) = 2*r**2 + 36*r + 179. What is the remainder when 35 is divided by t(-11)?
10
Suppose 213 = 6*s - 3. Calculate the remainder when 392/24 - 2/6 is divided by (s/(-10))/((-8)/20).
7
Suppose 25 = 3*h - 8*h. Let s = h - -7. What is the remainder when 23 is divided by (-2)/s + (11 - 2)?
7
Suppose 4*a = -15*a + 2052. What is the remainder when a is divided by 34?
6
What is the remainder when 122 is divided by 2511/21 + 100/70?
1
Let z be -1 + -1*262*3. Calculate the remainder when z/(-6) + (-24)/144 is divided by 33.
32
Suppose 11*c - 10*c - 32 = -o, -3*c + 100 = 4*o. Calculate the remainder when 50 is divided by c.
22
Suppose 11*m - 7*m - 5*p = 150, 0 = -5*m - p + 202. Calculate the remainder when 144 is divided by m.
24
Suppose 3*p + 200 = 7*p. Calculate the remainder when p is divided by 14.
8
Suppose -3*v - 8 = -5*p, -5*v = -p + 16 + 12. Let g be (-4)/v - 2/(-6). What is the remainder when 43 is divided by (0 - 1) + 24/g?
20
Let k = -510 - -656. What is the remainder when k is divided by 38?
32
Suppose -2 = -3*q + 22. Suppose 12 = -5*v + q*v. Suppose -v*g - 28 = -f, 0 = -4*f - 3*g - g + 12. Calculate the remainder when 23 is divided by f.
7
Let v = -822 + 860. What is the remainder when 49 is divided by v?
11
Let f = 22 + -30. What is the remainder when f/6 - (-1843)/57 is divided by 16?
15
Let a = 74 + -39. Let r(l) = -3*l + 30. Let u be r(-5). Let y = u - 26. What is the remainder when a is divided by y?
16
Suppose -218 = -4*o - 0*o - 3*n, 0 = 5*o - 4*n - 288. Suppose -5*b + o = 2*b. Calculate the remainder when 22 is divided by b.
6
Let m = -614 + 657. Calculate the remainder when 125 is divided by m.
39
Suppose 3*t + 164 + 1051 = 0. Suppose 33*r - 36*r = -153. Calculate the remainder when r is divided by (1/(-3))/(5/t).
24
Suppose 3*k = -5*c + 16, 3*c = -2*c - 5. Calculate the remainder when 25 is divided by k.
4
Let t = -26 - -39. What is the remainder when ((-7)/(-21))/((-4)/(-684)) is divided by ((0 - 3) + t)*2?
17
Suppose 2*j + 8 = 0, h + 122*j = 119*j + 125. Calculate the remainder when 278 is divided by h.
4
Suppose -2*m - 2 = -5*m - p, -p = 5*m - 2. Suppose m = -3*s + 2*r + r + 39, 4*r = -20. Calculate the remainder when s is divided by 3.
2
Suppose 7*y - 134 = 503. Calculate the remainder when y is divided by 40.
11
Suppose 4*f = c - 28 - 108, 0 = -2*f. What is the remainder when 416 is divided by c?
8
Let i be (7/4)/((-7)/(-28)). Let l(x) = -x**3 + 12 + i + 9*x**2 - 9 - 4*x. What is the remainder when l(8) is divided by 11?
9
Let i = -18 + 18. Suppose i = 5*y - 3*h - 28, y + 0*h = -h + 12. What is the remainder when 22 is divided by y?
6
Let s(b) = -3*b + 3. Let r(t) = 4*t - 3. Let w(v) = -4*r(v) - 5*s(v). Let z be w(-6). Suppose -q = -15 + z. Calculate the remainder when 33 is divided by q.
9
Let m = 31 - -153. Suppose 0*x - m = -4*x. Suppose -2*u = -2*r - x, 15 = -0*u + u + r. Calculate the remainder when u is divided by 5.
4
Suppose 3*x + 5*b = 240, 0*x + 2*b - 240 = -3*x. Suppose 0 = -13*k + 5*k + x. What is the remainder when k is divided by 4?
2
Let p(o) = -27*o - 352. Calculate the remainder when p(-34) is divided by 63.
62
Let i(b) = 20*b**2 - b - 1. Let s be i(2). Suppose u + 4*z + 52 = 3*u, -4*u + s = z. Calculate the remainder when u is divided by 7.
6
Suppose -3260 = -3*g - 2*m, 5 = -2*m + m. What is the remainder when g is divided by 91?
89
Let s(a) = 9*a**2 + 17*a + 48. What is the remainder when s(-4) is divided by 39?
7
Suppose 71 = -4*b + 3*b - 3*d, -4*d = -b - 36. Let y = b + 106. Calculate the remainder when y is divided by 14.
8
Suppose -2*n + 70 = 3*n. Suppose 0*j + n = 2*j. Suppose 5*d - 30 = -o, 46 = 5*o - 3*o + 3*